(-14 - -9 - 2)?
2
-34 + (-28 - -47) + 28
13
Evaluate -6 + 1 + 1 - (-10 - 3).
9
What is 29 + -24 + -19 + -4?
-18
Evaluate (-13 - -6) + 8 - 3.
-2
Calculate -2 - ((-16 - -13) + 11).
-10
Evaluate 23 - (187 + -166 + (-5 - 1)).
8
What is the value of 26 - 15 - ((-2 - -4) + -11)?
20
-6 - (-4 - -6) - (-6 + -35) - 3
30
1 + (-30 - -16) + (-1 + 1 - 2)
-15
Calculate -8 - -4 - -14 - (215 - 234).
29
Evaluate -12 + -1 - -6 - -20.
13
5 - (12 + -20) - 10
3
Evaluate 21 + (3 - -6) + -1.
29
Evaluate -3 - (-14 - (-8 + -7)) - (0 - 6).
2
2 + -1 + 7 + -6 - -30
32
What is the value of (8 - 10) + -2 - ((5 - 5) + 6)?
-10
What is the value of 8 + 3 - (59 - 47)?
-1
What is (-15 - -46) + -20 - 18?
-7
Evaluate -26 + 0 + -139 + 142.
-23
Calculate -14 + 3 + -4 + 5 + -6.
-16
What is 0 - 9 - (26 - (-28 + 11 + 16))?
-36
(30 - 32) + (0 - 0)
-2
(43 - (35 + 52)) + 73
29
Calculate -3 + 11 + -16 - (-4 + 1 - 0).
-5
6 - 24 - (-6 - 7)
-5
Calculate (7 - 2 - ((25 - 18) + 9)) + 29.
18
Evaluate 3 - (-50 - -48 - (-1 + -8)).
-4
What is the value of (12 - -1) + -21 + -29 + 61?
24
-6 + (18 + (-7 - 5) - 7)
-7
What is the value of -3 + -1 + 0 + (-62 + 36 - -21)?
-9
What is the value of 3 + -6 + (8 - (7 - 10 - -10))?
-2
Evaluate (-10 - -3) + -8 - (-1 + -8).
-6
Evaluate (12 - 31) + 5 + -10.
-24
-4 + (-70 + 55 - (-5 + 0))
-14
Evaluate 22 + -10 + 18 - 14 - 16.
0
-1 - (-12 + 0 + 4) - (9 - 0)
-2
Calculate (-12 - 26 - -39) + -32.
-31
What is -10 + 12 + -4 + (11 - 0)?
9
(-2 - (4 + 1) - 9) + 2 + 3
-11
Evaluate 2 + -7 - 2 - (7 - (10 + -3)).
-7
Calculate 0 + (-5 - (-9 + 2)).
2
What is the value of (-2 - (2 - (0 - 11 - -6))) + 19?
10
(1 - ((-7 - -18) + -5)) + 0 - -21
16
What is the value of 11 + (-11 + 7 - (1 - -3)) + -17?
-14
8 + -12 - -1 - 9
-12
What is the value of -21 - (-28 - -14 - -2)?
-9
Calculate -1 + 5 + -6 + 1 - 16 - -4.
-13
-1 - (-10 - -23 - -6)
-20
3 + 3 - (0 + 15) - 7
-16
What is 10 - (10 - 11 - 11)?
22
What is -87 + 9 - -35 - -54?
11
Evaluate 20 + -2 - (-1 - -17) - (0 + -3).
5
Evaluate -2 + 9 + 11 + -14 + 0.
4
Calculate 22 - (0 + -15 + -12 + 25).
24
What is 14 + 28 + -15 - 17?
10
Evaluate 4 + 15 - (2 + 15).
2
Evaluate 27 + (-12 - 22 - -23).
16
What is the value of -421 + 425 + 1 + 5?
10
Evaluate 18 + -3 + 3 - (60 + -46).
4
Calculate -44 - -15 - (-65 - -40).
-4
What is (-1 + -1 + 1 + -3 - -12) + 0?
8
What is 1 + -4 - (-6 - (15 + -7 + -15))?
-4
What is (1 - (2 + 5) - 0) + 4?
-2
7 + (3 + 4 - 15) + 10 - 41
-32
Evaluate -4 + (-1 - 5 - (1 + (8 - 15))).
-4
What is -2 + -27 - (337 + -369)?
3
What is (-25 - -44) + 22 + -60?
-19
What is (33 - -1) + (-2 + 13 + 2 - 20)?
27
Calculate (8 - 6) + (1 - -6 - -20).
29
0 + 27 + -29 + 12
10
Evaluate 16 + -9 - (-8 - -16).
-1
Evaluate (12 - (8 - 9)) + -11.
2
-10 + (6 - 8) + 7
-5
What is 2 + -2 + (10 - 3) + 21?
28
Evaluate 1 + -49 + 47 + (-1 - (2 - 3)).
-1
Calculate (16 - (8 + 33)) + 20.
-5
What is the value of -8 + 1 + 9 + -12 + -1?
-11
What is the value of -8 + (53 - 16) + -52?
-23
What is 7 + -9 + -4 + 19 + -22?
-9
What is the value of 7 - (-4 + 8 + 3 + -6) - -6?
12
2 + 10 - (5 + -6 + -6)
19
Evaluate 8 + (18 - 36) - (0 - (-1 + 1)).
-10
What is the value of (-176 - -170) + ((2 - 1) + -2 - 0)?
-7
Calculate 21 + 8 - (110 + -65).
-16
What is (-1 - 15) + (13 + 7 - -23)?
27
Evaluate 12 - (0 + 0) - (921 - 919).
10
What is -10 + (10 - ((18 - 3) + -23))?
8
Evaluate 2 - (33 + -28) - 1.
-4
-3 - 12 - (43 + -58)
0
Calculate -11 + 0 - (22 + -23 - -8).
-18
Calculate (1 + (-6 - -4) - 0) + -9 + 3.
-7
Calculate (4 - 16) + -1 - (12 + -20 + 12).
-17
Evaluate (-10 - 16 - -32) + 9.
15
(-21 - -25) + 7 - (1 - 1)
11
What is the value of 0 - 7 - (535 + -546)?
4
What is -8 + (-8 - (1 + 4 - 30))?
9
What is (-22 - -2) + 15 - -7?
2
Calculate 1 - 3 - (21 + -25 + (-7 - 1)).
10
What is -22 + (-23 - -38) - -30?
23
What is the value of (24 - 31) + -1 + (2 - -2) + 5?
1
What is 3 - (-85 + 97 + -22 + 1)?
12
Evaluate (-3 - (-14 - 0)) + (-7 - -23 - 25).
2
(-22 - -23) + (-6 - (1 + -6)) + -26
-26
Calculate 0 + (0 - 8 - -11) - 3.
0
Calculate -4 - 2 - (14 + -2 - 10).
-8
Evaluate -6 + 13 + -13 - (3 - (24 - 3)).
12
Calculate -9 - (0 - -21) - (18 + -30).
-18
15 + -2 - (18 + 7) - -32
20
What is -1 + -25 + -14 + (5 - -20)?
-15
What is 15 - (7 + (-9 - -26))?
-9
Calculate 8 + (40 + -44 - (1 + 2)).
1
-1 + -45 + (32 - 1)
-15
What is -26 - -54 - 42 - 2?
-16
Calculate -2 + -10 + -2 - (37 + -29).
-22
What is the value of 17 - (6 + 19 - -7)?
-15
Evaluate -8 + -1 + 7 + -8 + 7 + 10.
7
What is 22 + 18 + -23 + 0?
17
What is 30 + -12 + (-16 - -3 - -2)?
7
Calculate 0 + 2 - (-163 + 173).
-8
What is -1 + (-6 + -5 - 6 - -6)?
-12
Evaluate (8 - (3 - -11)) + -4 + 4 - -6.
0
Calculate 10 - (-7 + -11 + 19 + 3).
6
Evaluate -649 + 675 - (0 - -9).
17
What is -22 - -23 - (3 + -2 - -4)?
-4
What is the value of (-15 - -24) + (-6 - 22)?
-19
Evaluate 4 + (12 - 27) - (-5 + 0).
-6
Evaluate -6 + 1 + 0 - -8.
3
Evaluate -13 + 23 + 2 + (16 - 0).
28
0 - -7 - (173 + -191) - -1
26
Calculate 23 + -21 + 2 + 14 + -4.
14
Evaluate 7 - (-5 - (8 + (5 - 35))).
-10
Calculate (94 - 108) + 1 + 3.
-10
What is the value of -9 + -10 + 12 + 6?
-1
What is 21 + -5 + 3 + -10 + -18?
-9
What is the value of 6 + -2 + 14 + -11 + 11?
18
What is the value of 0 + 25 - (-31 + 43)?
13
Calculate -2 + 8 + -17 + 22.
11
Evaluate (-44 - (-8 + -2)) + (-6 + 8 - -5).
-27
76 + -74 - (-1 + 1)
2
(-9 - 0) + (-5 + -5 + 20 - 27)
-26
Evaluate (15 - -16) + 0 - 32.
-1
What is the value of 11 - ((8 - -1) + -12)?
14
What is the value of (12 - (-19 - -7)) + -12?
12
What is 31 + -18 + -26 - -8?
-5
What is the value of 26 + (-9 - 12) + 12?
17
What is 427 + -425 - (7 + -1)?
-4
22 - (-28 - -58 - 7)
-1
What is the value of 310 - 310 - (-9 + -1)?
10
Evaluate 17 - (1 + 25 - 15).
6
Evaluate -25 + 62 + (1 - 38).
0
Evaluate -3 + 0 + 24 + 29 + -26.
24
What is the value of -27 - -35 - (11 + (-7 - -4))?
0
1 - (-2 + 3 + -11 - (-16 + 13))
8
What is the value of -6 + -1 + (2 - 2) + (-10 - 3)?
-20
What is -15 - -25 - (21 + -25 + 13)?
1
Calculate -28 + (26 + -24 - (-11 + 4)).
-19
Calculate (10 - (-11 + 29)) + 17.
9
(-10 - -16 - -11) + (-3 - 1) + 10
23
Calculate 2 - -1 - (133 + -111).
-19
(-1 - (-4 - -11)) + -2
-10
Calculate -20 + 0 - (-88 - -79).
-11
Calculate (8 - -2 - 0) + (-32 - -5).
-17
What is the value of -1 - (7 + 2 + -7) - (-10 + 47)?
-40
What is the value of 10 - 0 - ((-4 - 4) + 43) - 4?
-29
(1 - 0) + (1 - 1) - (242 + -244)
3
Calculate 8 + -5 + 4 + 4 + (-5 - 2).
4
Calculate -95 + 21 + 45 - -46.
17
Evaluate -4 + (9 - 11 - (1 - -3) - -16).
6
Calculate -33 - ((-1 - -7) + -66 + 50 + 4).
-27
Evaluate 1 - -5 - (0 - (-9 - -2 - -4)).
3
What is the value of 0 + -6 + 2 + -3 + (-2 - 0)?
-9
Calculate 12 - (14 + -12 + 9 + 1).
0
(-13 - -17) + -74 + 58
-12
What is the value of 1 + (12 + -9 - 10) + 1?
-5
Calculate 5 + -13 - (7 - -3).
-18
Evaluate (-7 - 0) + (-8 - ((1 - -1) + -21)).
4
Evaluate -10 + (-12 - (-7 + -11 + 23 + -10)).
-17
Calculate -2 + -7 + -3 + (-46 - -42).
-16
What is 5 + (-1 - -7 - (1 - -16))?
-6
Evaluate -50 + -13 + 36 - -56.
29
-1 - -3 - (5 - -1)
-4
204 - 212 - (2 - -11 - 2 - 3)
-16
Calculate 10 - (2 - 11 - -4).
15
(-3 - (17 + -36)) + -18
-2
Evaluate (-1 - (4 - -12)) + (-1 - -13).
-5
Evaluate (3 - (0 + -7)) + -15.
-5
What is (10 - 7) + 3 + 1 + (2 - 0)?
9
What is (6 - 1) + -6 + (-4 - -4 - -6)?
5
Calculate 9 + 10 + -1 + -29 + -3.
-14
Calculate -44 + (22 + -1 - 2).
-25
Evaluate (3 + -11 - (-143 - -145)) + (1 - -7).
-2
What is (-10 - (-16 - (-17 - -8))) + -9?
-12
9 - (2 + 1 - (12 + -11))
7
Calculate (-2 - -6 - 9) + (-4 - (-5 - -3)).
-7
Evaluate -19 + (15 - 30) + 22.
-12
Calculate (-12 - (-7 - -2)) + 16 - 2.
7
What is (9 + -21 - -24) + (0 - (5 + 2))?
5
Calculate -10 + 3 + 9 + -5.
-3
Evaluate 7 - (17 + -8 + 3 + 3 + 5).
-13
What is the value of (-36 - -50) + (-2 - 9) + -6?
-3
(0 - -3) + -4 + 1 - (-11 + -4)
15
28 + -23 + 4 + -12 - -6
3
What is the value of 10 + (7 - 19) + -1 + 1?
-2
Evaluate 6 + 7 + 4 + 3 + -18.
2
What is 24 + (-5 - (-7 - -21))?
5
Calculate 19 + (-21 - (9 - 19)) + (-1 - 6).
1
What is the value of -31 + 5 + 3 - -10?
-13
Evaluate 7 + (13 - (11 + -17) - 9).
17
Calculate -2 + 7 - (2 - (7 - 0)).
10
Evaluate 1 - (4 + 13 - (29 - 25)).
-12
4 + (1 - -23) + (-83 - -77) - 9
13
Calculate 17 + (18 - -2) + -19.
18
Calculate -1 - -24 - (8 - -33).
-18
Calculate 12 - (0 + 9 - (-6 - (-2 + -11))).
10
What is th